at are the prime factors of 703946847?
3, 234648949
What are the prime factors of 852650946?
2, 3, 7, 17, 398063
What are the prime factors of 156868717?
23, 263, 25933
List the prime factors of 62783272.
2, 7847909
List the prime factors of 14670134.
2, 61, 120247
What are the prime factors of 986705115?
3, 5, 11, 5980031
What are the prime factors of 20293867?
11, 1844897
What are the prime factors of 227674525?
5, 13, 700537
What are the prime factors of 58536468?
2, 3, 1626013
List the prime factors of 1131258202.
2, 37, 15287273
What are the prime factors of 66854750?
2, 5, 267419
List the prime factors of 1916743359.
3, 18691, 34183
List the prime factors of 52868742.
2, 3, 17, 587, 883
What are the prime factors of 92143188?
2, 3, 229, 11177
What are the prime factors of 281027512?
2, 35128439
What are the prime factors of 20893461?
3, 571, 12197
What are the prime factors of 1936209203?
17, 43, 2648713
List the prime factors of 1811376907.
23899, 75793
What are the prime factors of 2405832011?
11, 218712001
What are the prime factors of 552581998?
2, 276290999
What are the prime factors of 2071443562?
2, 137, 7560013
What are the prime factors of 171867492?
2, 3, 1951, 2447
List the prime factors of 764933667.
3, 29, 149, 59009
What are the prime factors of 458089385?
5, 13, 67, 293, 359
List the prime factors of 194910371.
194910371
What are the prime factors of 1325072298?
2, 3, 11, 4021, 4993
List the prime factors of 2842480772.
2, 43, 16526051
List the prime factors of 475648809.
3, 23, 71, 79, 1229
List the prime factors of 66867863.
113, 591751
List the prime factors of 58305166.
2, 1117, 26099
What are the prime factors of 387809211?
3, 129269737
List the prime factors of 104011608.
2, 3, 167, 25951
List the prime factors of 567058272.
2, 3, 11, 48817
List the prime factors of 112519768.
2, 29, 484999
List the prime factors of 53330911.
1601, 33311
List the prime factors of 1681400236.
2, 420350059
What are the prime factors of 1068383947?
1068383947
What are the prime factors of 18541432?
2, 7, 13, 25469
List the prime factors of 158765623.
97, 1636759
List the prime factors of 74377601.
17, 4375153
List the prime factors of 56142679.
56142679
What are the prime factors of 136963645?
5, 7, 13, 17, 17707
List the prime factors of 5494089150.
2, 3, 5, 11, 29, 38273
List the prime factors of 924831236.
2, 7, 33029687
List the prime factors of 41614699.
7, 53, 223, 503
What are the prime factors of 1091774294?
2, 13, 41991319
List the prime factors of 3974592731.
113, 149, 236063
What are the prime factors of 33514953?
3, 233, 47947
List the prime factors of 10378071.
3, 11, 83, 421
What are the prime factors of 6122027896?
2, 17, 79, 569809
List the prime factors of 186580788.
2, 3, 37, 47, 8941
What are the prime factors of 5958377?
67, 113, 787
What are the prime factors of 66752619?
3, 181, 269, 457
What are the prime factors of 240865761?
3, 53, 1514879
List the prime factors of 2530951744.
2, 39546121
What are the prime factors of 95878552?
2, 7, 11, 317, 491
What are the prime factors of 237534355?
5, 401, 118471
What are the prime factors of 1338754056?
2, 3, 547, 101977
What are the prime factors of 1251417685?
5, 7, 17, 123719
List the prime factors of 92449573.
19, 256093
What are the prime factors of 87041250?
2, 3, 5, 2579
List the prime factors of 49182423.
3, 16394141
What are the prime factors of 14342681?
14342681
List the prime factors of 1998033539.
2399, 832861
What are the prime factors of 2519240562?
2, 3, 809, 57667
What are the prime factors of 67332322?
2, 4261, 7901
What are the prime factors of 85589357?
7, 19, 31, 20759
List the prime factors of 4008020449.
37, 83, 409, 3191
List the prime factors of 143312675.
5, 11, 521137
List the prime factors of 1867221097.
7, 2383, 15991
List the prime factors of 52817051.
7, 617, 1747
What are the prime factors of 40537372?
2, 809, 12527
What are the prime factors of 16592856?
2, 3, 7, 283, 349
List the prime factors of 485019418.
2, 13, 17, 61, 17989
What are the prime factors of 137337796?
2, 787, 43627
List the prime factors of 1510314715.
5, 7, 13, 137, 24229
What are the prime factors of 26102476?
2, 6525619
List the prime factors of 221137514.
2, 13, 229, 2857
List the prime factors of 50851145.
5, 1427, 7127
What are the prime factors of 60008973?
3, 19, 263, 4003
List the prime factors of 35858650.
2, 5, 47, 15259
List the prime factors of 377164440.
2, 3, 5, 19, 67, 823
List the prime factors of 11419995.
3, 5, 71, 10723
List the prime factors of 25277881.
25277881
List the prime factors of 375961167.
3, 41773463
What are the prime factors of 451128392?
2, 11, 13, 139, 2837
List the prime factors of 3406089186.
2, 3, 41, 4615297
List the prime factors of 5042532657.
3, 239, 367, 19163
What are the prime factors of 1737697600?
2, 5, 37, 149, 197
List the prime factors of 1531631521.
7, 349, 626947
List the prime factors of 1211893667.
23, 2963, 17783
List the prime factors of 70492471.
7, 739, 13627
What are the prime factors of 2068385743?
61, 67, 389, 1301
List the prime factors of 1161163846.
2, 580581923
List the prime factors of 323699492.
2, 80924873
List the prime factors of 266664723.
3, 13, 6837557
List the prime factors of 12576630.
2, 3, 5, 11, 23, 1657
What are the prime factors of 8050587124?
2, 107, 18809783
List the prime factors of 116464805.
5, 41, 379, 1499
List the prime factors of 256040359.
3037, 84307
What are the prime factors of 20514932?
2, 31, 165443
What are the prime factors of 404950494?
2, 3, 13, 5191673
List the prime factors of 494481467.
43, 53, 216973
What are the prime factors of 450190784?
2, 353, 19927
List the prime factors of 339103432.
2, 601, 70529
List the prime factors of 28014707.
7, 4002101
What are the prime factors of 899595025?
5, 7, 5140543
What are the prime factors of 407877144?
2, 3, 16994881
List the prime factors of 247181011.
7, 11, 31, 103553
List the prime factors of 369751518.
2, 3, 983, 20897
List the prime factors of 169186616.
2, 199, 106273
What are the prime factors of 29393433?
3, 41, 79657
What are the prime factors of 2742043134?
2, 3, 103, 503, 8821
List the prime factors of 3034628247.
3, 7, 1913, 75539
List the prime factors of 425134666.
2, 11, 89, 179, 1213
List the prime factors of 145082533.
1789, 81097
What are the prime factors of 518566669?
73, 317, 22409
List the prime factors of 47160815.
5, 13, 29, 127, 197
What are the prime factors of 135820331?
31, 41, 106861
List the prime factors of 8672689829.
4021, 2156849
What are the prime factors of 73785?
3, 5, 4919
List the prime factors of 897084931.
897084931
What are the prime factors of 1820626794?
2, 3, 7, 43, 37337
What are the prime factors of 30828952?
2, 7, 11, 50047
What are the prime factors of 297175634?
2, 7, 21226831
List the prime factors of 3870337.
3870337
What are the prime factors of 91018647?
3, 41, 27407
What are the prime factors of 80439664?
2, 67, 75037
List the prime factors of 168685338.
2, 3, 757, 37139
What are the prime factors of 519685862?
2, 47, 1481, 3733
What are the prime factors of 2443240842?
2, 3, 7, 8310343
What are the prime factors of 435223699?
839, 518741
What are the prime factors of 11565904?
2, 7, 37, 2791
What are the prime factors of 553542733?
1697, 326189
What are the prime factors of 139636346?
2, 2819, 24767
What are the prime factors of 172063115?
5, 7, 23, 211, 1013
List the prime factors of 6089855674.
2, 7, 5171, 84121
What are the prime factors of 919305254?
2, 7, 65664661
List the prime factors of 32475843.
3, 101, 11909
What are the prime factors of 201698389?
201698389
What are the prime factors of 1204302560?
2, 5, 811, 9281
What are the prime factors of 283197364?
2, 857, 82613
What are the prime factors of 26630249?
127, 209687
List the prime factors of 5964359911.
18287, 326153
List the prime factors of 98283486.
2, 3, 7, 47, 49789
List the prime factors of 2194550827.
7, 313507261
List the prime factors of 2786496074.
2, 25673, 54269
What are the prime factors of 164103055?
5, 3329, 9859
What are the prime factors of 527789036?
2, 241, 547499
List the prime factors of 72993560.
2, 5, 1824839
List the prime factors of 606183873.
3, 202061291
List the prime factors 